se 2?
-111011010110011110110
What is -1875811 (base 9) in base 12?
-429ba7
What is 32330131333 (base 4) in base 10?
3917695
41314111 (base 7) to base 11
1a58125
81026 (base 9) to base 4
30333321
Convert -40868 (base 10) to base 15.
-c198
What is -606ab (base 16) in base 5?
-100114143
What is -1546240 (base 7) in base 8?
-640740
-6038255 (base 9) to base 5
-1310324443
What is 1915702 (base 10) in base 13?
520c69
What is -21022222112 (base 3) in base 10?
-144329
121010110011 (base 3) to base 13
b1649
Convert -142440223 (base 6) to base 11.
-1720700
Convert -5354323 (base 6) to base 8.
-1003613
What is 33516051 (base 7) in base 4?
23012331222
1097c9 (base 15) to base 8
3011732
What is 1010000110001000100 (base 2) in base 16?
50c44
487306 (base 10) to base 11
303136
-112201020000021 (base 3) to base 14
-1077468
What is 5305645 (base 9) in base 4?
22310333330
Convert 2492290 (base 10) to base 15.
3436ca
Convert 10450685 (base 9) to base 12.
1837b05
Convert a4cc11 (base 15) to base 9.
15667647
3125350 (base 7) to base 16
5be85
What is 3320001001 (base 4) in base 14?
1c6305
-378e6 (base 15) to base 7
-1336353
-1668222 (base 9) to base 4
-3203110223
-121111122000 (base 3) to base 15
-663c9
-5cbb9 (base 15) to base 8
-1102522
Convert 6646540 (base 7) to base 12.
335927
-6bed9 (base 16) to base 15
-8aeb8
What is 11123302000 (base 4) in base 11?
893291
53b849 (base 14) to base 2
1010110100011011011001
-1111100000011011110 (base 2) to base 13
-14a388
2413a6 (base 12) to base 3
1002121120200
1282562 (base 9) to base 15
dd89b
-6a38a6 (base 11) to base 10
-1117793
Convert 4129c1 (base 16) to base 15.
59551e
Convert -305213 (base 7) to base 14.
-1507a
What is 1001011001110101 (base 2) in base 14?
10073
Convert -128852a (base 13) to base 14.
-ab592c
What is 86277 (base 11) in base 9?
211057
Convert -29b96b9 (base 13) to base 7.
-221210016
What is 2433044 (base 6) in base 12?
62784
453350051 (base 6) to base 4
133213123033
What is -3100423 (base 5) in base 14?
-14397
Convert 141a009 (base 11) to base 10.
2443725
What is 1424133 (base 5) in base 11?
20529
823a74 (base 11) to base 12
53973a
Convert -1111230113 (base 4) to base 15.
-6deee
What is -22120111001201 (base 3) in base 12?
-16388b4
379196 (base 11) to base 15
bc215
Convert 2262068 (base 9) to base 2.
100101010010011101010
Convert 38d337 (base 15) to base 5.
1144241402
What is 4248b0 (base 12) in base 10?
1044996
What is -191105 (base 13) in base 14?
-125bcd
What is 14461424 (base 8) in base 15?
453644
Convert 29485 (base 14) to base 12.
4b339
What is -12424213 (base 6) in base 13?
-113871
-25015005 (base 6) to base 3
-1111102021012
What is 28c27 (base 13) in base 5?
4424014
What is 67ca0 (base 13) in base 4?
232013213
Convert 2b3ad (base 14) to base 2.
11010010011101101
What is -234054204 (base 6) in base 5?
-2111034314
132422432 (base 5) to base 13
1a6189
Convert -11110000101120 (base 3) to base 7.
-26036004
What is -120200330 (base 4) in base 11?
-69494
What is -333222031 (base 4) in base 9?
-436611
-476e33 (base 15) to base 3
-20102111221110
What is 20010442 (base 5) in base 4?
212111011
What is 96a134 (base 11) in base 2?
101111010100110110101
-16526061 (base 7) to base 3
-10001022201220
What is 1036db (base 15) in base 8?
2741760
What is -1cb150 (base 14) in base 7?
-11514530
What is -9a6024 (base 11) in base 2?
-110000111100100101001
Convert -11101011110010101010 (base 2) to base 14.
-1b1d7c
Convert 10234041343 (base 5) to base 3.
202102001120020
122033031232 (base 4) to base 2
11010001111001101101110
What is -1220204214 (base 5) in base 3?
-12110012112101
Convert 301560 (base 12) to base 9.
1361410
120582d (base 15) to base 7
214613143
What is bb00b (base 13) in base 12?
143979
1073173 (base 8) to base 6
10134015
-41456 (base 9) to base 15
-8183
What is -214523 (base 10) in base 2?
-110100010111111011
Convert 1111112001111 (base 3) to base 15.
10b4b1
1b16793 (base 12) to base 9
11741773
Convert -5044355 (base 7) to base 8.
-2222560
3450523 (base 6) to base 7
1340133
Convert 20264323 (base 7) to base 2.
110011110001110000010
-6111644 (base 7) to base 6
-23320015
What is 157826 (base 10) in base 13?
56ab6
17106c (base 13) to base 16
8c043
What is -956014 (base 13) in base 4?
-31111322221
Convert 1011001100000001001 (base 2) to base 14.
9785b
-16aa128 (base 11) to base 10
-2897738
Convert 7531115 (base 9) to base 4.
33121103333
-110020100022 (base 3) to base 9
-406308
Convert -2015543 (base 6) to base 4.
-113122113
What is 20200121121010 (base 3) in base 10?
3555039
-362c0 (base 13) to base 9
-161258
What is 220332002 (base 4) in base 12?
81142
-eecf (base 16) to base 6
-1151011
What is 111011101101000101 (base 2) in base 6?
5124101
118156 (base 9) to base 5
4242244
Convert 100121000222101 (base 3) to base 13.
1096939
Convert 101210100211 (base 3) to base 13.
758aa
Convert 978a3 (base 12) to base 14.
52c55
What is 9567 (base 13) in base 3?
1001101210
Convert 635742 (base 9) to base 2.
1011100010101110011
-17907d (base 15) to base 8
-4272663
Convert -210102002210 (base 3) to base 15.
-84d0c
What is -1110101011011100010 (base 2) in base 15?
-977b4
What is -401488 (base 9) in base 4?
-321330101
-14250564 (base 10) to base 11
-8053729
What is 121122221102221 (base 3) in base 8?
41621226
What is 223321233 (base 4) in base 6?
3504303
44552545 (base 6) to base 16
14a2b1
-212601032 (base 7) to base 9
-25780832
-2845424 (base 10) to base 14
-540d68
Convert 1010100001010011101010 (base 2) to base 3.
12012010002012
What is 654330 (base 7) in base 2?
11011111011010011
Convert -14c47c (base 13) to base 14.
-d4ba0
-28158e (base 15) to base 5
-443202014
-3211332 (base 5) to base 4
-31023033
Convert -203233 (base 9) to base 11.
-82575
Convert -451489 (base 10) to base 12.
-199341
-271060 (base 8) to base 5
-11013033
-202855 (base 9) to base 6
-2324422
Convert -2022110000 (base 3) to base 6.
-550430
What is 46654310 (base 7) in base 2?
1111101100100000000111
Convert 1010101111111110000 (base 2) to base 12.
14ba14
Convert -212013100 (base 4) to base 6.
-3202424
3a6b2 (base 16) to base 6
5043442
4287 (base 11) to base 16
161d
Convert 42210 (base 11) to base 2.
1111000000100111
Convert -30144102 (base 5) to base 2.
-111010101110001111
What is -1330a35 (base 11) in base 14?
-43c217
Convert 198f4 (base 16) to base 7.
614140
-1535033 (base 6) to base 5
-10344100
223140131 (base 5) to base 7
11262263
What is -122101211102 (base 3) in base 5?
-41430011
2210120102 (base 3) to base 8
153463
What is -430421023 (base 5) in base 13?
-4b5276
Convert -2140303 (base 6) to base 10.
-106383
-28d9ff (base 16) to base 12
-a913bb
What is 1b6110 (base 12) in base 13?
140b44
-10100011010010000101 (base 2) to base 16
-a3485
Convert 5354614 (base 8) to base 16.
15d98c
-312031 (base 7) to base 2
-1101000100011010
Convert -102113332 (base 4) to base 16.
-125fe
What is -10103233 (base 4) in base 12?
-a267
What is 55451005 (base 6) in base 7?
20126015
What is 86b72 (base 13) in base 4?
323132212
-42443 (base 13) to base 7
-1005005
What is 1200211022 (base 3) in base 8?
101177
What is 62687 (base 13) in base 9?
288568
-103101333 (base 6) to base 10
-1827705
-122596 (base 13) to base 8
-1517161
Convert -3142511 (base 6) to base 11.
-a53a9
What is 354da (base 14) in base 4?
133232120
What is -7ec8a (base 15) in base 10?
-404455
What is -1486211 (base 11) in base 10?
-2541133
Convert 222101112220210 (base 3) to base 15.
1370916
What is 7537987 (base 10) in base 6?
425322031
What is 122313303 (base 4) in base 5?
12010232
What is -45466352 (base 7) in base 14?
-753629
Convert -960c9b (base 13) to base 15.
-4967de
544895 (base 10) to base 5
114414040
What is -54b127 (base 15) in base 10?
-4036762
-4370042 (base 8) to base 2
-100011111000000100010
What is -3371355 (base 9) in base 14?
-354991
Convert 125201 (base 7) to base 15.
6e18
Convert 3054 (base 12) to base 6.
40144
What is 135730b (base 12) in base 10?
3848699
What is -89664 (base 13) in base 4?
-330320031
What is -1012211000 (base 3) in base 15?
-714c
16050152 (base 7) to base 9
2808518
What is -21554255 (base 7) in base 6?
-103525405
Convert -225284 (base 10) to base 8.
-670004
Convert -808002 (base 12) to base 9.
-3684562
Convert 3731294 (base 11) to base 7.
106100254
Convert -12222121200